1c
In base 15, what is -58 + -4?
-5c
In base 13, what is -8 - 43?
-4b
In base 11, what is -64 + -19?
-82
In base 2, what is -1011000 - 1101?
-1100101
In base 16, what is -2 - -9f?
9d
In base 8, what is -53 - -2?
-51
In base 8, what is 32 + 1770?
2022
In base 4, what is -1031123 - 2?
-1031131
In base 11, what is 621 + 0?
621
In base 5, what is -4042 - -10?
-4032
In base 12, what is 76 + 17?
91
In base 5, what is 2 - 112?
-110
In base 7, what is -201 - 1?
-202
In base 16, what is 30 - -2?
32
In base 3, what is -11021 + -111?
-11202
In base 13, what is -6a + 2?
-68
In base 12, what is 4 + 1b?
23
In base 11, what is 2 + -77?
-75
In base 13, what is -1a1 - -1?
-1a0
In base 14, what is -18 - 25?
-3d
In base 7, what is 5 + 266?
304
In base 2, what is -11011 + -100?
-11111
In base 9, what is 7 - -40?
47
In base 16, what is -d7 - 5?
-dc
In base 15, what is -3 - -191?
18d
In base 8, what is -325 + 4?
-321
In base 4, what is 211 - -133?
1010
In base 5, what is 102 - -3?
110
In base 6, what is 32 - 301?
-225
In base 8, what is -3 - 426?
-431
In base 15, what is 1 + a4?
a5
In base 10, what is 69 - -4?
73
In base 7, what is -50 + -31?
-111
In base 15, what is -7d + -5?
-83
In base 15, what is -1 - bb?
-bc
In base 9, what is -2 + -2352?
-2354
In base 16, what is -1f53 + 0?
-1f53
In base 5, what is -3012 - 1?
-3013
In base 14, what is 4 + 67d?
683
In base 5, what is -214 - -14?
-200
In base 14, what is -5 - -4b?
46
In base 13, what is 7 - -2a?
34
In base 9, what is -5 + 137?
132
In base 8, what is -12162 + -3?
-12165
In base 14, what is -460 - -1?
-45d
In base 14, what is -41b + -1?
-41c
In base 16, what is -205 + -1?
-206
In base 4, what is 1 + -1002?
-1001
In base 14, what is 1 + 18?
19
In base 2, what is 1 + -10111011?
-10111010
In base 16, what is -7d7 + 2?
-7d5
In base 11, what is -24 - -110?
97
In base 4, what is 11 - 20333?
-20322
In base 16, what is 5 - 301?
-2fc
In base 6, what is -11 + 1520?
1505
In base 13, what is -1b + 3?
-18
In base 11, what is 6 - a0?
-95
In base 6, what is 354 - 1?
353
In base 13, what is -33 - -6?
-2a
In base 8, what is -1 - -262?
261
In base 5, what is 1024 - 10?
1014
In base 11, what is 5 - 981?
-977
In base 15, what is -1 + -38?
-39
In base 6, what is -1 + 520?
515
In base 7, what is -1026 - 1?
-1030
In base 4, what is -120 - -103?
-11
In base 6, what is 104 + 11?
115
In base 15, what is -8 - -1b?
13
In base 6, what is 1 - -441?
442
In base 2, what is 111011000 + -10?
111010110
In base 4, what is -120 - -10?
-110
In base 11, what is -8 + -250?
-258
In base 2, what is 100 - -1000111001?
1000111101
In base 3, what is -12 + -1002?
-1021
In base 5, what is -1043 + 30?
-1013
In base 4, what is -201 + -202?
-1003
In base 14, what is 197 - 4?
193
In base 16, what is -4 - -1628?
1624
In base 13, what is 45 - -11?
56
In base 7, what is -2116 - 15?
-2134
In base 15, what is 143 - -1e?
162
In base 7, what is 14255 + 2?
14260
In base 14, what is -3 - 20?
-23
In base 12, what is -2 - -346?
344
In base 13, what is 8 - 1a?
-12
In base 16, what is -4 + 1be?
1ba
In base 12, what is 665 - 3?
662
In base 14, what is 190c - -5?
1913
In base 4, what is 200122 - -13?
200201
In base 2, what is -11 + 101110?
101011
In base 9, what is 7 + 1780?
1787
In base 16, what is -4 - 1057?
-105b
In base 3, what is -212021 - 20?
-212111
In base 13, what is -9 - -c1?
b5
In base 6, what is 43450 + -2?
43444
In base 2, what is -11 + -11010?
-11101
In base 10, what is -3 + 7630?
7627
In base 13, what is -3 - -104?
101
In base 6, what is 132 + -4?
124
In base 13, what is 57 + -3?
54
In base 3, what is -21 - 12?
-110
In base 11, what is a - -487?
496
In base 6, what is 50232 - 4?
50224
In base 3, what is 100201 - -101?
101002
In base 12, what is b - 541?
-532
In base 10, what is 4 + -144?
-140
In base 7, what is -32 + -13?
-45
In base 10, what is 83 + 13?
96
In base 10, what is -14 - -737?
723
In base 10, what is -1427 + 3?
-1424
In base 10, what is 97 - 227?
-130
In base 8, what is 3 + 1041?
1044
In base 6, what is 3343 + -1?
3342
In base 14, what is -13 + 7?
-a
In base 9, what is -5 + 173?
167
In base 16, what is -7e3 + -2?
-7e5
In base 10, what is -17 - -7?
-10
In base 15, what is 472 + -4?
46d
In base 11, what is -80 + -3?
-83
In base 15, what is -4 + 82?
7d
In base 14, what is -2 - -1c0?
1bc
In base 9, what is 3266 + -4?
3262
In base 8, what is 3655 - 1?
3654
In base 15, what is 1a7 - -3?
1aa
In base 8, what is 0 + 614?
614
In base 7, what is -1 + -1152?
-1153
In base 14, what is 2 - 71?
-6d
In base 9, what is -1 - 135?
-136
In base 3, what is 12 + -1000?
-211
In base 6, what is 11 + 45?
100
In base 7, what is 326 + -16?
310
In base 4, what is 21332 - 1?
21331
In base 6, what is -41000 - -5?
-40551
In base 12, what is 22 - -65?
87
In base 4, what is -101320 - 3?
-101323
In base 11, what is 1 + -18a?
-189
In base 13, what is 22 - -3?
25
In base 13, what is 23 - -6?
29
In base 6, what is -1 - -223?
222
In base 11, what is 5 - 35a?
-355
In base 7, what is -456 - -1?
-455
In base 10, what is 30 - -7?
37
In base 4, what is 11 - -100?
111
In base 2, what is 101 - 110011?
-101110
In base 4, what is -1122 + 1020?
-102
In base 9, what is 527 + 14?
542
In base 2, what is -1011 - 10100101?
-10110000
In base 6, what is 10 - -332?
342
In base 16, what is 9 - -2?
b
In base 3, what is -22 + -2?
-101
In base 2, what is -1011 - -1101?
10
In base 16, what is -5 + -22a?
-22f
In base 6, what is 14 + 343?
401
In base 6, what is -1 - -301?
300
In base 7, what is 40 - 10?
30
In base 9, what is -340 - -2?
-337
In base 9, what is 4 - -26?
31
In base 15, what is -4 + -26?
-2a
In base 15, what is -1 + 2b?
2a
In base 10, what is -32695 - -5?
-32690
In base 4, what is 0 - 120?
-120
In base 2, what is -1 + -100000000010?
-100000000011
In base 2, what is -100010 - -110101?
10011
In base 12, what is 1aa - 2?
1a8
In base 7, what is 20 - -12?
32
In base 13, what is 93 - 1?
92
In base 3, what is 12211 + -121?
12020
In base 5, what is -101 - 14?
-120
In base 15, what is -15 - -6?
-e
In base 3, what is -2 - -120000?
112221
In base 4, what is 3 - 122022?
-122013
In base 14, what is 3b - -5?
42
In base 10, what is -1627 + 1?
-1626
In base 14, what is 3 + 8c?
91
In base 7, what is 114 + -1?
113
In base 6, what is 123020 + 2?
123022
In base 9, what is 5 - -252?
257
In base 15, what is -4 + 10a?
106
In base 9, what is -64176 + -1?
-64177
In base 11, what is 1719 + -1?
1718
In base 10, what is -4 - 69?
-73
In base 2, what is 101001101011110 - 100?
101001101011010
In base 3, what is 102 - 11?
21
In base 15, what is -140 - -12?
-12d
In base 13, what is -3 - -3025?
3022
In base 2, what is -10010 + 110?
-1100
In base 8, what is -5 - 11066?
-11073
In base 8, what is 650 + 5?
655
In base 12, what is -2 - -429?
427
In base 15, what is -5b - 8?
-64
In base 9, what is 3 - -7151?
7154
In base 14, what is -12 + b?
-5
In base 13, what is -197 - -4?
-193
In base 2, what is -10 - 101010?
-101100
In base 14, what is -1 + 1d6b?
1d6a
In base 10, what is 0 - 398?
-398
In base 3, what is 10012 + 2?
10021
In base 8, what is 0 - 121?
-121
In base 11, what is -111 - 48?
-159
In base 14, what is -3 - -290?
28b
In base 4, what is 112121 + -10?
112111
In base 14, what is a - 192?
-186
In base 16, what is -36a + 2?
-368
In base 9, what is 313 + 5?
318
In base 14, what is -1 + -3b8?
-3b9
In base 8, what is -4 + -1447?
-1453
In base 4, what is -11003 + 11?
-10332
In base 11, what is 0 + 30?
30
In base 12, what is 2 - 6b?
-69
In base 12, what is -4508 - -4?
-4504
In base 8, what is -5 - 604?
-611
In base 5, what is 4 - -3123?
3132
In base 2, what is -1001001000 + 1010?
-1000111110
In base 14, what is -96 - 1?
-97
In base 2, what is -10 - 1111110111001?
-1111110111011
In base 7, what is 2 - -45?
50
In base 3, what is 1 + 222100?
222101
In base 6, what is -30 + 1543?
1513
In base 13, what is -30 + c7?
97
In base 9, what is 247 - 3?
244
In base 14, what is -63 - 5?
-68
In base 7, what is 3 + -101?
-65
In base 10, what is -11 - 47?
-58
In base 11, what is 74 + -4?
70
In base 10, what is 403 + 7?
410
In base 15, what is 5b7 - -5?
5bc
In base 12, what is 3 - -73?
76
In base 15, what is -28 - a0?
-c8
In base 10, what is -18486 - 4?
-18490
In base 3, what is -2 + 222?
220
In base 2, what is 111 + -10100110000?
-10100101001
In base 1